*w**2 + 0*w**3 - 8*w**2 + w**2. Let u be d(-9). Let x(v) = 2*v - 6*v + 3*v**2 - 4*v**2 + 0*v**2. Give x(u).
-5
Let j(i) = i**2 - 2*i - 2. Let h = -73 + 78. Calculate j(h).
13
Let v(p) = -4*p - 1. Let x be v(-1). Let d(l) = -7*l + x*l**2 + 5*l**2 - l**2 - l**3. Calculate d(5).
15
Suppose 20 = -5*y, -2*y - 28 = r + 4*r. Let p(i) be the first derivative of i**3/3 + 5*i**2/2 + 6*i - 2. Give p(r).
2
Let t(y) = -y. Let k(j) = -7. Suppose 2*f + 2*f + 8 = 0. Let q(o) = f*t(o) + k(o). Let l = 11 - 6. Calculate q(l).
3
Let d(w) be the third derivative of -1/60*w**5 + 0 + 1/6*w**3 + 10*w**2 + 1/60*w**6 - w + 0*w**4. Give d(-1).
-2
Let b(w) = 52*w + 89. Let s be b(-2). Let x(a) = a + 7. What is x(s)?
-8
Let k(v) = 2*v - 5. Let l = 299 + -292. Calculate k(l).
9
Let m(y) = -y**3 - 4*y**2 + 1. Let n(a) = 5*a**3 + 30*a**2 - 3*a + 8. Let i(q) = -6*m(q) - n(q). Determine i(6).
4
Let r be (3/(-3))/((-2)/18). Let s(l) be the third derivative of l**5/60 - 3*l**4/8 + l**3/3 - 2*l**2 - 139. What is s(r)?
2
Let b(n) = 31*n**3 + 35*n**2 + 7*n + 29. Let w(s) = -11*s**3 - 12*s**2 - 3*s - 10. Let u(d) = 6*b(d) + 17*w(d). What is u(4)?
0
Let i(q) = q**3 + 13*q**2 + q - 4. Let v be i(0). Let j(c) = -2*c - 16. What is j(v)?
-8
Let j(d) = 9*d**3 - 4*d**2 - 11*d + 10. Let t(c) = 2*c**3 - c + 1. Let m(b) = -j(b) + 4*t(b). What is m(5)?
4
Let c(r) = -r**3 + 4*r**2 - 3*r. Let j(w) = -w**3 - 9*w**2 - 24*w - 67. Let n be j(-7). Calculate c(n).
0
Let z(t) = t**2 + t - 6. Suppose -29 = -2*l + a + 40, 3*a - 143 = -4*l. Let m = 30 - l. What is z(m)?
14
Let n(v) = 2*v**2 - 14*v + 3. Let i(f) = -4*f. Let w(c) = 4*i(c) - n(c). What is w(-2)?
-7
Let g(y) = -y**3 + 9*y**2 - 11*y - 6. Let p be g(7). Suppose 20 = -4*a - 4*t, -a - 4*t = -2*a + p. Let i(u) = 2*u**2 - u. Calculate i(a).
3
Let q = -8 + 4. Let r(m) = -9*m + 2. Let g(o) = -3*o. Let x(n) = -8*g(n) + 3*r(n). Let h(v) = -8*v + 18. Let p(l) = q*h(l) + 11*x(l). Give p(-7).
1
Let a(g) = 5*g - 4. Let k(j) = -5*j + 63. Let n be k(12). Calculate a(n).
11
Let l(u) = -17*u + 19. Let h(t) = -14*t + 18. Let v(g) = -6*h(g) + 5*l(g). Give v(-14).
1
Let g(d) = -d**2 + 3*d + 3. Suppose 0 = -4*i + 11 + 5. Suppose -3*v - i*x + 1 = 0, 4 = 5*v - 5*x + 49. Let r = -2 - v. Give g(r).
3
Let x = 48 - 47. Let t(v) = 7*v**3 - 2. Suppose -q = -0*q - 1. Let y(l) = l**3 + l**2 - l - 1. Let r(h) = q*t(h) - y(h). Determine r(x).
5
Let k(s) = -2*s**3 + 15*s**2 - 6*s + 39. Let x(f) = 3*f**3 - 23*f**2 + 9*f - 59. Let q(z) = -8*k(z) - 5*x(z). Let t be q(5). Let y(o) = -6*o + 2. What is y(t)?
14
Let i(c) = c**3 - 7*c**2 + 8*c - 6. Let b be i(6). Let w(x) be the third derivative of x**5/60 - x**4/4 + x**3/2 + 8*x**2. Give w(b).
3
Let u(g) = 5*g - 10*g + g + g**2 + 4 + 6*g. Let v(w) = -2*w**2 - 4*w - 9. Let p(j) = 13*u(j) + 6*v(j). Give p(3).
13
Let g(l) be the third derivative of l**6/120 - l**5/30 - l**4/6 - 7*l**3/6 + 157*l**2. Give g(4).
9
Suppose -2*j - p = -7, 0 = -5*j - 4*p + 36 - 14. Let o(z) = -2*z**3 + z**2 + 2*z - 1. What is o(j)?
-9
Let b(m) = -m**2 - 2*m - 2. Suppose 18*p - 22*p = -16. Let n be (1 - -1 - p) + -1. Give b(n).
-5
Suppose 2*l = c + 8, 3*l = -4*c + l + 8. Let z be (-3 + 3)/(-3 + 1). Let m(i) = 12 - 21 + 14 + i + z*i. Calculate m(c).
5
Let l(h) = -h**3 - 9*h**2 - 6*h + 10. Suppose -7 = -2*g + 4*g - 3*p, -g = 5*p + 23. Determine l(g).
-6
Let s be (6/7)/(16/56). Let f(l) = -1 - 4*l - 2 + 4. Determine f(s).
-11
Let n(h) be the first derivative of -h**4/4 - 4*h**3/3 + 6*h**2 - 3*h - 474. Determine n(-6).
-3
Let c(y) be the third derivative of -1/120*y**6 + 0 + 0*y - 9*y**2 + 5/24*y**4 - 1/3*y**3 - 1/30*y**5. What is c(-4)?
10
Let m(p) be the first derivative of -p**4/4 - 2*p**3 - p**2/2 + p + 6. Let x be (-3 - (0 - -3)) + 0. Determine m(x).
7
Let n(o) = 9*o**3 + 4*o - o**2 + o**2 - 4*o**2 - 5*o**3 - 3. Let t be 26 - (7 - (-1 - -4)). Let q(f) = -f + 24. Let l be q(t). What is n(l)?
21
Let z(v) = -5*v + 5. Let b be z(-4). Suppose -5 = -h, 3*p + 3*h = 5*h - b. Let m(k) = -k - 8. Calculate m(p).
-3
Let q(p) be the third derivative of -p**6/180 - p**5/120 + p**4/8 - p**3/3 - 14*p**2 - 2. Let o(h) be the second derivative of q(h). What is o(4)?
-17
Let q(r) = -4*r**3 - 6*r**2 + 3. Let g(v) = 5*v**3 + 7*v**2 - v - 3. Suppose -4*m - 3 = -5*m + 2*n, -2*n + 27 = 5*m. Let x(i) = m*g(i) + 6*q(i). Give x(3).
6
Let r(m) = m**2 - 5*m. Let p be 8/6*(7 - 10). Determine r(p).
36
Let d be -3 + -18*(-1)/2. Let w be d + 6/(-4)*(4 + -2). Let x(y) = 2*y**3 - 3*y**2 - 5*y + 4. Give x(w).
16
Suppose c + 3*c - 3*m - 14 = 0, -c = -5*m + 5. Let q(s) = -c*s + 7 + 4*s - 15. Let t be (-40)/7 + (-54)/189. What is q(t)?
-2
Let j be 39/24 + (-12)/(-32). Let n(s) = 30*s**2 - 50*s**2 + j*s - 4 + s**3 + 27*s**2. Determine n(-7).
-18
Let r(p) = -3*p - 6. Suppose 2*u - 20 = -3*x, -u + 5*u + 4*x = 40. Let n = u - 15. Calculate r(n).
9
Let d(m) = m**3 + 5*m**2 + m + 1. Suppose 12 = 29*i + 128. Calculate d(i).
13
Let w(q) = -q**3 - 4*q**2 + 5*q + 1. Let h(r) = -r**3 + 8*r**2 - 7*r + 4. Let s be h(7). Let g be (2/s)/(7/70). Suppose -g*t - 7 = 13. Determine w(t).
-19
Let v(y) = -y**3 - 3*y**2 + y. Let l be v(-3). Suppose 5*s - 61 = -26. Let g(c) = -16*c - s + 2 + 2 + 13*c. Give g(l).
6
Let z = -20 - -22. Suppose -4*v + 10 = -5*n - 0*n, -z*n - 6 = -2*v. Let h(i) = 3*i + 8*i - n - 5*i + i**3 + 6*i**2. Calculate h(-5).
-7
Let u(d) = 7*d**2 + d - 1. Let t = -18 + 18. Suppose -f + k - 3 = -t*k, 4*k - 20 = -4*f. What is u(f)?
7
Let b(s) = -3. Let j(x) = 12*x - 8. Let k(t) = 2*b(t) + j(t). What is k(2)?
10
Let h(c) be the first derivative of -c**4/4 + 7*c**3/3 - 4*c**2 + 7*c + 1. Let g = 94 + -89. Determine h(g).
17
Let y(q) = 4 + 42*q - 11*q + 3*q**2 - 4*q**2 - 23*q. Determine y(8).
4
Suppose 4*c = -12, 4*n + 48*c - 52*c + 20 = 0. Let k(r) = r**3 + 9*r**2 + 10*r - 3. Determine k(n).
-19
Let h(y) = -y**2 - 7*y - 5. Let z(q) = -3*q. Let d be z(2). Give h(d).
1
Let i = 140 + -92. Suppose 0 = -z - 11*z + i. Let b(u) = -u**2 + 5*u + 2. What is b(z)?
6
Let o(p) = -p**2 - 32*p + 39. Let b be o(-33). Let s(j) = j + 3. Give s(b).
9
Let b(r) be the third derivative of -r**4/24 - 2*r**3 - 4*r**2. Let i be (-1)/((12/84)/(6/7)). Calculate b(i).
-6
Let a(h) = -h + 5. Let c be a(0). Suppose -c*k = -4*k - 5. Let b(d) be the first derivative of -d**3/3 + 5*d**2/2 - 2*d - 5. Calculate b(k).
-2
Let a(r) be the third derivative of -r**4/6 + 5*r**3/6 - 7*r**2 + r. Give a(4).
-11
Let g(v) = -v - 1. Let i(k) = -2. Let o(l) = -5*g(l) + 6*i(l). What is o(5)?
18
Let j be (-5)/(-5)*(-19 - -1). Suppose r + 10 + 7 = 0. Let w = r - j. Let u(l) = 3*l + 1. What is u(w)?
4
Let k(r) = -r**3 - 5*r**2 - 6. Let n = 405 + -410. Give k(n).
-6
Let u(m) = m - 6. Let h(s) = 9 - 1 - 6 - 3. Let y(i) = -4*h(i) + u(i). Give y(0).
-2
Let k(g) = 3 - 2*g - 3*g - 4*g**2 + 3*g + 3*g**2. Suppose -2*r - 6 = -4*i, 4*r + 8 = -i - 4. Calculate k(r).
0
Suppose 4*o = 3*a + 17, 5*o - 18 = 3*a + 1. Let x = -11 - a. Let z(v) = 3 + 13*v + v**2 - 3*v + 9. What is z(x)?
-4
Suppose -4*g = o - 76, 0 = 2*g + o + 2 - 38. Let u be -2 - (10 - g)/(-3 - -1). Let v(h) = h**3 + 7*h**2 - 1. What is v(u)?
-1
Let l(t) be the second derivative of -t**4/12 + t**3/2 + 10*t**2 + 9*t. Determine l(7).
-8
Let y = 0 + 4. Let a(j) = j**2 - j. Let t(o) = -2*o**2 + 4. Let l(u) = -3*a(u) - t(u). Give l(y).
-8
Let y(g) = -g + 2. Let j = -39 - -41. Let c be ((6/5)/j)/(1/(-5)). Give y(c).
5
Let b(g) = -2*g + 7*g**2 - 2*g**2 + 6*g - 5 + g**3 - 11*g. Give b(-6).
1
Let y(r) be the third derivative of -r**5/60 + 7*r**4/24 + r**3/3 - 12*r**2. Calculate y(6).
8
Let g(z) = -2*z + 2. Let y be g(0). Let i(r) = 53*r - 2*r**2 - 54*r - 2*r**y. What is i(-1)?
-3
Let c(p) = -21*p + 2. Let g be 2/6*(-22 - -16). What is c(g)?
44
Let z(q) = q**2 + 9*q + 8. Let s(w) be the second derivative of 6*w - 1/12*w**4 - 5/3*w**3 - 9/2*w**2 + 0. Let c(h) = 6*s(h) + 7*z(h). Determine c(-2).
0
Let i(a) = a**3 - 11*a**2 + 10*a + 4. Let m be i(10). Suppose m*q = -q + 15. Let l(s) = 4 - q + s - 5. Calculate l(0).
-4
Let g(q) = -9*q. Let j(z) = 2*z**3 - 20*z**2 - 50*z + 25. Let i be j(12). Give g(i).
-9
Let t = -5 - -36. Let k(n) = -5 + 21*n**2 - 51*n**2 + t*n**2. Calculate k(0).
-5
Let u(k) = -3*k**2 + 62*k + 25. Let b = -1598 + 1619. Give u(b).
4
Let k(o) = -o**2 + 7*o + 3. Let m(q) = q**2 - 6*q - 2. Let c(w) = 3*k